{"id":18,"date":"2016-01-28T11:12:25","date_gmt":"2016-01-28T10:12:25","guid":{"rendered":"http:\/\/karinthomas.eu\/?page_id=18"},"modified":"2016-04-19T15:39:16","modified_gmt":"2016-04-19T13:39:16","slug":"home","status":"publish","type":"page","link":"https:\/\/karinthomas.eu\/","title":{"rendered":"Home"},"content":{"rendered":"<h2>Karin Thomas<\/h2>\n<p>&nbsp;<\/p>\n<p><img loading=\"lazy\" class=\"alignleft size-thumbnail wp-image-15\" src=\"https:\/\/karinthomas.eu\/wp-content\/uploads\/2016\/01\/1-im-Foto1-6565-150x150.jpg\" alt=\"1-im-Foto1-6565\" width=\"150\" height=\"150\" \/>Geb. 1941 in K\u00f6ln, 1960 bis 1965 Studium der Kunstgeschichte, Germanistik, Philosophie und Geschichte mit Staatsexamen, kurze gymnasiale Lehrt\u00e4tigkeit, 1966 Heirat, zwei Kinder.<\/p>\n<p>1971 erscheint mein erstes Buch \u201eBis heute\u201c, eine \u201eStilgeschichte der bildenden Kunst im 20. Jahrhundert\u201c, bis 2004 insgesamt zw\u00f6lf jeweils erweiterte und aktualisierte Auflagen (Lizenzausgaben u.a. in Japan und Spanien).<\/p>\n<p><img loading=\"lazy\" class=\"alignleft size-thumbnail wp-image-14\" src=\"https:\/\/karinthomas.eu\/wp-content\/uploads\/2016\/01\/1-im-Foto_2-1296-150x150.jpg\" alt=\"1-im-Foto_2-1296\" width=\"150\" height=\"150\" \/>Einj\u00e4hrige Lehrt\u00e4tigkeit an der Johannes-Gutenberg-Universit\u00e4t Mainz, seit 1971 Lektorin, seit 1987 Cheflektorin f\u00fcr Kunst im K\u00f6lner DuMont Buchverlag, seit 2003 freie Schriftstellerin.<\/p>\n<p>Mehr als 20 Buchver\u00f6ffentlichungen als Autorin oder Herausgeberin sowie zahlreiche Zeitschriften- und Katalogbeitr\u00e4ge.<\/p>\n<hr \/>\n<h2>Wichtigste B\u00fccher:<\/h2>\n<p>&nbsp;<\/p>\n<table>\n<tbody>\n<tr>\n<td><strong><a href=\"https:\/\/karinthomas.eu\/wp-content\/uploads\/2016\/01\/1-3-im-Buchvover-4817.jpg\"  rel=\"lightbox[18] attachment wp-att-13\"><img loading=\"lazy\" class=\"alignleft size-medium wp-image-13\" src=\"https:\/\/karinthomas.eu\/wp-content\/uploads\/2016\/01\/1-3-im-Buchvover-4817-218x300.jpg\" alt=\"1-3-im-Buchvover-4817\" width=\"218\" height=\"300\" srcset=\"https:\/\/karinthomas.eu\/wp-content\/uploads\/2016\/01\/1-3-im-Buchvover-4817-218x300.jpg 218w, https:\/\/karinthomas.eu\/wp-content\/uploads\/2016\/01\/1-3-im-Buchvover-4817.jpg 400w\" sizes=\"(max-width: 218px) 100vw, 218px\" \/><\/a>\u201eBlickpunkt Moderne. Eine Geschichte der Kunst von der Romantik bis zur Gegenwart\u201c<\/strong> <em>(2010)<\/em><\/p>\n<p><em><a href=\"https:\/\/karinthomas.eu\/?p=42\">Textausz\u00fcge&#8230;<\/a><\/em><\/td>\n<\/tr>\n<\/tbody>\n<\/table>\n<hr \/>\n<table>\n<tbody>\n<tr>\n<td><a href=\"https:\/\/karinthomas.eu\/wp-content\/uploads\/2016\/01\/2-2-im-Buchvover2-1231.jpg\"  rel=\"lightbox[18] attachment wp-att-16\"><img loading=\"lazy\" class=\"alignleft size-medium wp-image-16\" src=\"https:\/\/karinthomas.eu\/wp-content\/uploads\/2016\/01\/2-2-im-Buchvover2-1231-218x300.jpg\" alt=\"2-2-im-Buchvover2-1231\" width=\"218\" height=\"300\" srcset=\"https:\/\/karinthomas.eu\/wp-content\/uploads\/2016\/01\/2-2-im-Buchvover2-1231-218x300.jpg 218w, https:\/\/karinthomas.eu\/wp-content\/uploads\/2016\/01\/2-2-im-Buchvover2-1231.jpg 400w\" sizes=\"(max-width: 218px) 100vw, 218px\" \/><\/a>Der gemeinsam mit Fritz Seydel und Hubert Sowa publizierte \u201e<strong>Bildatlas Kunst\u201c<\/strong> <em>(2007)<\/em> wird als eines der \u201eSch\u00f6nsten B\u00fccher\u201c von der Stiftung Buchkunst 2008 pr\u00e4miert.<\/td>\n<\/tr>\n<\/tbody>\n<\/table>\n<hr \/>\n<table>\n<tbody>\n<tr>\n<td><strong><a href=\"https:\/\/karinthomas.eu\/wp-content\/uploads\/2016\/01\/1-1-im-Buchvover2-9156.jpg\"  rel=\"lightbox[18] attachment wp-att-11\"><img loading=\"lazy\" class=\"alignleft size-medium wp-image-11\" src=\"https:\/\/karinthomas.eu\/wp-content\/uploads\/2016\/01\/1-1-im-Buchvover2-9156-218x300.jpg\" alt=\"1-1-im-Buchvover2-9156\" width=\"218\" height=\"300\" srcset=\"https:\/\/karinthomas.eu\/wp-content\/uploads\/2016\/01\/1-1-im-Buchvover2-9156-218x300.jpg 218w, https:\/\/karinthomas.eu\/wp-content\/uploads\/2016\/01\/1-1-im-Buchvover2-9156.jpg 400w\" sizes=\"(max-width: 218px) 100vw, 218px\" \/><\/a>\u201eKunst in Deutschland\u201c<\/strong> <em>(2002)<\/em><\/td>\n<\/tr>\n<\/tbody>\n<\/table>\n<hr \/>\n<table>\n<tbody>\n<tr>\n<td><strong><a href=\"https:\/\/karinthomas.eu\/wp-content\/uploads\/2016\/01\/1-1-im-Buchvover-7123.jpg\"  rel=\"lightbox[18] attachment wp-att-12\"><img loading=\"lazy\" class=\"alignleft size-medium wp-image-12\" src=\"https:\/\/karinthomas.eu\/wp-content\/uploads\/2016\/01\/1-1-im-Buchvover-7123-218x300.jpg\" alt=\"1-1-im-Buchvover-7123\" width=\"218\" height=\"300\" srcset=\"https:\/\/karinthomas.eu\/wp-content\/uploads\/2016\/01\/1-1-im-Buchvover-7123-218x300.jpg 218w, https:\/\/karinthomas.eu\/wp-content\/uploads\/2016\/01\/1-1-im-Buchvover-7123.jpg 400w\" sizes=\"(max-width: 218px) 100vw, 218px\" \/><\/a>\u201eZweimal deutsche Kunst. 40 Jahre N\u00e4he und Ferne\u201c<\/strong> <em>(1985)<\/em><\/td>\n<\/tr>\n<\/tbody>\n<\/table>\n","protected":false},"excerpt":{"rendered":"<p>Karin Thomas &nbsp; Geb. 1941 in K\u00f6ln, 1960 bis 1965 Studium der Kunstgeschichte, Germanistik, Philosophie und Geschichte mit Staatsexamen, kurze gymnasiale Lehrt\u00e4tigkeit, 1966 Heirat, zwei Kinder. 1971 erscheint mein erstes Buch \u201eBis heute\u201c, eine \u201eStilgeschichte der bildenden Kunst im 20. &hellip; <a href=\"https:\/\/karinthomas.eu\/\">Weiterlesen <span class=\"meta-nav\">&rarr;<\/span><\/a><\/p>\n","protected":false},"author":1,"featured_media":0,"parent":0,"menu_order":0,"comment_status":"closed","ping_status":"closed","template":"","meta":[],"_links":{"self":[{"href":"https:\/\/karinthomas.eu\/index.php?rest_route=\/wp\/v2\/pages\/18"}],"collection":[{"href":"https:\/\/karinthomas.eu\/index.php?rest_route=\/wp\/v2\/pages"}],"about":[{"href":"https:\/\/karinthomas.eu\/index.php?rest_route=\/wp\/v2\/types\/page"}],"author":[{"embeddable":true,"href":"https:\/\/karinthomas.eu\/index.php?rest_route=\/wp\/v2\/users\/1"}],"replies":[{"embeddable":true,"href":"https:\/\/karinthomas.eu\/index.php?rest_route=%2Fwp%2Fv2%2Fcomments&post=18"}],"version-history":[{"count":29,"href":"https:\/\/karinthomas.eu\/index.php?rest_route=\/wp\/v2\/pages\/18\/revisions"}],"predecessor-version":[{"id":456,"href":"https:\/\/karinthomas.eu\/index.php?rest_route=\/wp\/v2\/pages\/18\/revisions\/456"}],"wp:attachment":[{"href":"https:\/\/karinthomas.eu\/index.php?rest_route=%2Fwp%2Fv2%2Fmedia&parent=18"}],"curies":[{"name":"wp","href":"https:\/\/api.w.org\/{rel}","templated":true}]}}